= -3*p. List the prime factors of p.
2, 7
Let d be (8 - 2)/2 - -53. Let g be 10/2*d/10. Suppose -3*r + g + 11 = 0. What are the prime factors of r?
13
Let b be (2 + -8)/(9/(-42)). Suppose -2*a + b = 5*r, -3*a - 4*r = 2*a - 36. List the prime factors of a.
2
Let f(l) = -2*l**2 - 35*l - 2. What are the prime factors of f(-16)?
2, 23
Let p(c) = c**3 - 17*c**2 + 17*c - 13. Let r be p(16). Suppose -r*q - 15 = -8*q. List the prime factors of q.
3
What are the prime factors of 174/4*(-40)/(-15)?
2, 29
Let k = -23 - -56. What are the prime factors of k?
3, 11
Let q(t) = -31*t**2 + t. Let u be q(1). Suppose 3*p + b = -b - 119, 5*p + 190 = -5*b. Let n = u - p. List the prime factors of n.
13
Let w(r) = 16*r**2 + r - 1. Let o be w(-2). Suppose 24 = 5*s - o. List the prime factors of s.
17
Suppose 3*t = -3*y - 2*t + 96, 3*y - 96 = -t. Let z = y + -19. List the prime factors of z.
13
Suppose -3*g = -196 + 61. List the prime factors of g.
3, 5
Let o(w) = 2*w**2 - 6*w + 10. List the prime factors of o(6).
2, 23
Let o(r) = r - 1. Let q be o(3). What are the prime factors of (1 - q)/(2/(-34))?
17
Let k(r) = -r**3 + 2*r**2 - r. Let n be k(1). Suppose 2*d + n*d + 1 = 3*y, d = -3*y + 22. What are the prime factors of d?
7
Suppose 3*a - 244 = -a + 4*k, 2*k - 262 = -4*a. List the prime factors of a.
2
Let q(f) = -f**3 - 7*f**2 - 15*f + 7. List the prime factors of q(-7).
2, 7
Let g = -251 - -358. What are the prime factors of g?
107
Let r(f) = -f**2 + 9*f - 4 - 1 + 3*f - 5*f. What are the prime factors of r(4)?
7
Let u be (-1 + 0)*(-50 - -3). Suppose 5*c = -4*n + 81 + u, 5*c - 5*n = 110. What are the prime factors of c?
2, 3
Let g = 66 + -11. Suppose -l + g = 4*l. What are the prime factors of l?
11
Let c(m) = 4*m - 20. Let k be c(8). Suppose 7*y - k*y = -55. What are the prime factors of y?
11
What are the prime factors of (-4 - -1) + -1 + 76?
2, 3
Let w = -1 + 4. Suppose -3 = -w*o - 42. Let n = 37 + o. What are the prime factors of n?
2, 3
Let q(y) = -y**3 - 7*y**2 - 7*y - 4. Let p be q(-6). Suppose -p*z - 3*i + 91 = 0, z - i = 6*z - 208. List the prime factors of z.
41
Let j = 738 - 481. What are the prime factors of j?
257
Let z = -19 - -47. Suppose -10 = 2*b - z. List the prime factors of b.
3
Let l(k) = -56*k**3 + 3*k**2 + 2*k. List the prime factors of l(-1).
3, 19
Suppose 3*q + 0*q = y + 15, -10 = -4*q - 2*y. List the prime factors of q.
2
Suppose -y + 0*y + 32 = 0. What are the prime factors of y?
2
List the prime factors of (-2 - -2 - 1) + 52.
3, 17
Let y = -72 + 147. List the prime factors of y.
3, 5
Let d be (4 - 3)/((-3)/(-93)). Let p = -12 + d. List the prime factors of p.
19
Let m(l) = l + 25. Let n be m(-12). Suppose -w = -5*i - n, -2*i = 3*w + w - 52. List the prime factors of w.
13
Let d(x) = x**3 - 8*x**2 + 7*x + 2. List the prime factors of d(9).
2, 73
Let a = 13 - -3. Suppose 4*b - 8 = a. List the prime factors of b.
2, 3
Let n(j) = j - 3. Let y be n(6). Suppose y*i + 7 = 5*w - 70, -25 = -w + 3*i. List the prime factors of w.
13
Let t = -24 - -17. Suppose -4*j = j - 70. Let p = j + t. What are the prime factors of p?
7
Let j = -13 + 31. List the prime factors of j.
2, 3
Suppose -2*m - o + 106 = 0, -o = -m - 3*m + 218. Let c be (12/(-9))/((-1)/m). Suppose -3*p + 3*u = -u - 19, -4*p - 4*u + c = 0. What are the prime factors of p?
13
Suppose 0 = 4*l - 0 - 124. List the prime factors of l.
31
Let p be 3/2*24/9. Suppose -3*s = 2*h - 28, 2*s + 8 = 4*s + p*h. What are the prime factors of s?
2, 3
Let w = -27 + 27. Let p = 11 - w. List the prime factors of p.
11
Let c = 1 - -2. Suppose 3 + 24 = c*t. List the prime factors of t.
3
Suppose -4*f - 28 = -3*r - 0, -7 = -r - f. What are the prime factors of r?
2
Suppose 75 = 5*o + 5*q, 4*q - 14 + 6 = 0. What are the prime factors of o?
13
Let j = 2 - -3. Suppose j*z - 109 = 2*k, -5*z - k = -49 - 69. List the prime factors of z.
23
List the prime factors of (447 + -3)/4 + 3.
2, 3, 19
Let j(l) = -l**2 + l + 1. Let a(f) = -2*f**2 + 9*f + 6. Let h(y) = a(y) - j(y). What are the prime factors of h(7)?
2, 3
Let y(f) = -f**3 + 7*f**2 + 8*f + 5. Suppose 2*z + 3*s = 28, 3*z - 10 = 3*s + 2. List the prime factors of y(z).
5
Let s(m) = 5*m**2 + 13*m - 5. List the prime factors of s(-9).
283
Suppose -2*w + 31 + 51 = 0. List the prime factors of w.
41
Let j = 30 + -7. What are the prime factors of j?
23
Let q(x) = x + x**2 + 0 + 14 - 6. Suppose -3*m = -m. What are the prime factors of q(m)?
2
List the prime factors of 84/35*57/6*5.
2, 3, 19
Let i(u) = u**2 - 1. Let k(n) = 13*n**2 + n - 3. Let s(a) = -2*i(a) + k(a). Let b = -1 - -2. What are the prime factors of s(b)?
11
Let y(u) = u**2 + 14. Let r be y(0). Suppose o + 3 = r. Suppose -o - 29 = -4*a. What are the prime factors of a?
2, 5
Suppose 2*b + 86 = -0*b. Let m = 78 + b. What are the prime factors of m?
5, 7
Let s = -60 - -112. Suppose -4*w = -0*w + 148. Let n = w + s. List the prime factors of n.
3, 5
Let i(g) be the third derivative of g**5/60 + 5*g**4/12 + 2*g**3 - 2*g**2. List the prime factors of i(-9).
3
Let t(q) = 21*q**2 + q + 16. What are the prime factors of t(-4)?
2, 3, 29
Let o = -93 - -216. What are the prime factors of o?
3, 41
Let a(c) = 44*c**2 + 5*c - 11. Let g(b) = 15*b**2 + 2*b - 4. Let v(w) = 3*a(w) - 8*g(w). List the prime factors of v(-1).
2, 3
Let x(w) = w - 6. Let a be x(8). Let k be (0 + -3 + a)*-3. Suppose -2*j - 4*f = 2*j - 76, k*f - 23 = -j. What are the prime factors of j?
17
Suppose -2*b = 5*k + 50, 0*b + 2*b + 62 = k. Let w = b - -52. List the prime factors of (3/6 - 0)*w.
11
Let r(g) be the third derivative of g**6/40 - g**5/60 - g**4/24 + g**3/6 - 3*g**2. Let n = 2 + -1. List the prime factors of r(n).
2
List the prime factors of 2/(-5) - ((-432)/5 - -3).
83
Suppose -140 - 448 = 4*f. Let k be (5 - (-1)/1)*(-3)/2. List the prime factors of f/k + (-2)/6.
2
Let u(c) = c + 10. Let q be u(-8). Suppose q*s - 7*s = -25. List the prime factors of s.
5
Let p(l) = -l**3 - 11*l**2 - l - 2. Suppose -4*c - 11 = 33. Let g be p(c). List the prime factors of 1/((-24)/g + 3).
3
Let s be ((-8)/12)/((-2)/9). Suppose -s*u + 2 = 20. Let i = 10 + u. List the prime factors of i.
2
Suppose -g + 5*z = 20, z + 3 = 8. Suppose g*k - 3*k = 36. What are the prime factors of k?
2, 3
Let x(t) = 2*t**2 + 3. List the prime factors of x(-7).
101
Let r = -88 + 50. Let o = -15 - r. List the prime factors of o.
23
Suppose 0*o + 69 = 4*u - 3*o, -4*o + 58 = 3*u. Let n = u + -13. Suppose z - n*z + 24 = 0. List the prime factors of z.
2, 3
Let s(n) = n**3 + 11*n**2 - 2*n - 9. Let c = -7 - 4. List the prime factors of s(c).
13
Let b = 8 - -20. What are the prime factors of b - (-3)/(-9)*0?
2, 7
Suppose -53 - 15 = 4*x. Let m = 38 - x. What are the prime factors of m?
5, 11
Let c = -48 + 107. What are the prime factors of c?
59
Let n be (-9)/(-4) + (-4)/16. Suppose -11 = -n*t + t. List the prime factors of t.
11
Let v be 290/8 - (-1)/(-4). Let h = -7 + v. Suppose 0 = -2*j - 5 + h. What are the prime factors of j?
2, 3
Suppose j + 4 = -4*m - 0*j, -j - 4 = -2*m. Suppose m = -2*s - 0*s + 48. Let d = -17 + s. List the prime factors of d.
7
Let n(x) = 2*x**2 - x + 9. List the prime factors of n(0).
3
Let l = -3 + 9. Let g(b) be the second derivative of b**3/6 - b**2/2 + 2*b. What are the prime factors of g(l)?
5
Let y(b) = b**2 + 4*b - 11. Let i = -14 - -6. What are the prime factors of y(i)?
3, 7
Suppose 0*g = 3*g - 12. Suppose 4*f = d + 15, -g*f + 33 - 6 = -5*d. Let i(v) = -v**2 + 4*v + 3. What are the prime factors of i(f)?
2, 3
Let a = 13 + -11. Suppose g + a*g = 42. List the prime factors of g.
2, 7
Suppose -5*j = -0*j - 770. Let c = j + -100. List the prime factors of c.
2, 3
Suppose 5 = -2*a - 3*v + 73, 2*a - 36 = 5*v. Let z = a - 1. List the prime factors of z.
3
Suppose 2*g = 5*f - 75, 5*g + 18 = 5*f - 57. List the prime factors of 3 + f/(4 - 3).
2, 3
Let a be ((-3)/4)/((-3)/(-12)). Let v(s) = s**2 - s - 1. What are the prime factors of v(a)?
11
Let y(d) = -d**2 + 12*d + 5. Let j be y(9). Suppose 5*m - 30 = -4*r, 0*r - 3*r + j = -m. List the prime factors of r.
2, 5
Let j(g) = -9*g - 16. What are the prime factors of j(-6)?
2, 19
Suppose n = -w + 7, w + 4*n = -w + 20. Suppose -w*b + 33 = 3*q, 0 = -4*q + 2*q + 5*b + 45. List the prime factors of q.
3, 5
Suppose 379 = -4